13
What is the remainder when 632 is divided by 24?
8
What is the remainder when 79 is divided by 20?
19
What is the remainder when 446 is divided by 16?
14
Calculate the remainder when 115 is divided by 29.
28
What is the remainder when 1574 is divided by 8?
6
Calculate the remainder when 4367 is divided by 91.
90
What is the remainder when 998 is divided by 245?
18
What is the remainder when 422 is divided by 159?
104
What is the remainder when 436 is divided by 79?
41
Calculate the remainder when 5031 is divided by 28.
19
What is the remainder when 86 is divided by 22?
20
Calculate the remainder when 205 is divided by 52.
49
What is the remainder when 115 is divided by 29?
28
What is the remainder when 586 is divided by 73?
2
What is the remainder when 449 is divided by 217?
15
What is the remainder when 1262 is divided by 111?
41
What is the remainder when 6208 is divided by 11?
4
What is the remainder when 224 is divided by 23?
17
What is the remainder when 139 is divided by 74?
65
What is the remainder when 101 is divided by 66?
35
Calculate the remainder when 393 is divided by 154.
85
What is the remainder when 346 is divided by 74?
50
What is the remainder when 241 is divided by 213?
28
What is the remainder when 231 is divided by 83?
65
Calculate the remainder when 407 is divided by 52.
43
What is the remainder when 116 is divided by 18?
8
Calculate the remainder when 188 is divided by 53.
29
What is the remainder when 30168 is divided by 89?
86
What is the remainder when 144 is divided by 43?
15
What is the remainder when 2688 is divided by 5?
3
Calculate the remainder when 816 is divided by 13.
10
Calculate the remainder when 305 is divided by 11.
8
What is the remainder when 725 is divided by 53?
36
What is the remainder when 17 is divided by 9?
8
Calculate the remainder when 229 is divided by 54.
13
What is the remainder when 8060 is divided by 32?
28
What is the remainder when 60 is divided by 21?
18
Calculate the remainder when 2590 is divided by 32.
30
Calculate the remainder when 6563 is divided by 49.
46
Calculate the remainder when 268 is divided by 30.
28
Calculate the remainder when 80 is divided by 69.
11
What is the remainder when 17 is divided by 12?
5
Calculate the remainder when 202 is divided by 34.
32
What is the remainder when 7435 is divided by 52?
51
Calculate the remainder when 23 is divided by 3.
2
What is the remainder when 5827 is divided by 124?
123
What is the remainder when 2972 is divided by 48?
44
Calculate the remainder when 9751 is divided by 4.
3
What is the remainder when 1219 is divided by 294?
43
Calculate the remainder when 116 is divided by 29.
0
Calculate the remainder when 1731 is divided by 93.
57
Calculate the remainder when 1019 is divided by 68.
67
What is the remainder when 228 is divided by 40?
28
What is the remainder when 1074 is divided by 40?
34
Calculate the remainder when 431 is divided by 14.
11
What is the remainder when 13531 is divided by 39?
37
What is the remainder when 221 is divided by 56?
53
What is the remainder when 662 is divided by 209?
35
Calculate the remainder when 587 is divided by 98.
97
What is the remainder when 112 is divided by 39?
34
What is the remainder when 140 is divided by 13?
10
What is the remainder when 2403 is divided by 2403?
0
Calculate the remainder when 4580 is divided by 15.
5
Calculate the remainder when 106 is divided by 22.
18
What is the remainder when 620 is divided by 147?
32
What is the remainder when 941 is divided by 3?
2
Calculate the remainder when 42064 is divided by 9.
7
Calculate the remainder when 461 is divided by 33.
32
What is the remainder when 215 is divided by 32?
23
Calculate the remainder when 158 is divided by 15.
8
What is the remainder when 679 is divided by 22?
19
Calculate the remainder when 403 is divided by 102.
97
Calculate the remainder when 32 is divided by 11.
10
What is the remainder when 580 is divided by 56?
20
Calculate the remainder when 553 is divided by 114.
97
Calculate the remainder when 215 is divided by 81.
53
Calculate the remainder when 397 is divided by 77.
12
Calculate the remainder when 1061 is divided by 90.
71
What is the remainder when 454 is divided by 123?
85
What is the remainder when 330 is divided by 97?
39
What is the remainder when 57 is divided by 3?
0
What is the remainder when 1983 is divided by 658?
9
What is the remainder when 53 is divided by 5?
3
What is the remainder when 44 is divided by 13?
5
Calculate the remainder when 752 is divided by 154.
136
Calculate the remainder when 2863 is divided by 355.
23
What is the remainder when 201 is divided by 17?
14
Calculate the remainder when 42 is divided by 8.
2
Calculate the remainder when 80 is divided by 23.
11
Calculate the remainder when 871 is divided by 23.
20
What is the remainder when 318 is divided by 32?
30
What is the remainder when 137 is divided by 20?
17
Calculate the remainder when 50 is divided by 11.
6
Calculate the remainder when 5407 is divided by 54.
7
Calculate the remainder when 401 is divided by 50.
1
What is the remainder when 7579 is divided by 34?
31
Calculate the remainder when 26 is divided by 22.
4
Calculate the remainder when 1568 is divided by 115.
73
Calculate the remainder when 625 is divided by 32.
17
Calculate the remainder when 102 is divided by 8.
6
What is the remainder when 550 is divided by 114?
94
What is the remainder when 408 is divided by 277?
131
What is the remainder when 611 is divided by 30?
11
Calculate the remainder when 2344 is divided by 394.
374
Calculate the remainder when 65 is divided by 24.
17
What is the remainder when 674 is divided by 3?
2
Calculate the remainder when 943 is divided by 25.
18
What is the remainder when 37 is divided by 3?
1
Calculate the remainder when 33 is divided by 33.
0
Calculate the remainder when 95 is divided by 17.
10
What is the remainder when 159 is divided by 18?
15
What is the remainder when 395 is divided by 113?
56
Calculate the remainder when 663 is divided by 42.
33
What is the remainder when 307 is divided by 103?
101
What is the remainder when 2868 is divided by 70?
68
Calculate the remainder when 10025 is divided by 218.
215
What is the remainder when 63 is divided by 31?
1
What is the remainder when 831 is divided by 26?
25
What is the remainder when 165 is divided by 42?
39
Calculate the remainder when 47 is divided by 45.
2
What is the remainder when 2443 is divided by 36?
31
Calculate the remainder when 75 is divided by 67.
8
What is the remainder when 27 is divided by 7?
6
Calculate the remainder when 584 is divided by 45.
44
Calculate the remainder when 622 is divided by 622.
0
What is the remainder when 153 is divided by 22?
21
Calculate the remainder when 220 is divided by 59.
43
Calculate the remainder when 1247 is divided by 50.
47
Calculate the remainder when 4829 is divided by 115.
114
Calculate the remainder when 5778 is divided by 7.
3
Calculate the remainder when 6415 is divided by 69.
67
What is the remainder when 79 is divided by 73?
6
Calculate the remainder when 177 is divided by 78.
21
What is the remainder when 2675 is divided by 190?
15
Calculate the remainder when 49 is divided by 25.
24
Calculate the remainder when 2087 is divided by 12.
11
What is the remainder when 1199 is divided by 25?
24
Calculate the remainder when 1803 is divided by 21.
18
Calculate the remainder when 561 is divided by 25.
11
Calculate the remainder when 702 is divided by 47.
44
What is the remainder when 372 is divided by 64?
52
Calculate the remainder when 237 is divided by 15.
12
Calculate the remainder when 124 is divided by 101.
23
What is the remainder when 44 is divided by 34?
10
What is the remainder when 96 is divided by 55?
41
Calculate the remainder when 337 is divided by 13.
12
Calculate the remainder when 449 is divided by 118.
95
What is the remainder when 617 is divided by 92?
65
What is the remainder when 499 is divided by 32?
19
What is the remainder when 1404 is divided by 16?
12
Calculate the remainder when 656 is divided by 32.
16
Calculate the remainder when 644 is divided by 319.
6
What is the remainder when 763 is divided by 56?
35
What is the remainder when 25 is divided by 6?
1
Calculate the remainder when 275 is 